 Calculate n(-2).
-26
Let d(s) be the third derivative of -12*s**2 + 0 + 0*s - 5/24*s**6 + 0*s**3 - 1/30*s**5 + 1/24*s**4. Calculate d(1).
-26
Let g(y) = -108*y**3 - 6*y + 10*y**2 + 4*y + 40*y**3 + 67*y**3 - 10. Determine g(10).
-30
Let g(m) = 21*m**2 - 19*m + 7. Let t(u) = 5*u**2 - 5*u + 2. Let p(w) = -2*g(w) + 9*t(w). Give p(2).
2
Let b(v) be the third derivative of v**6/120 - v**5/15 - v**4/12 - 5*v**2 + 5. Determine b(3).
-15
Let d(l) = -2*l - 1. Let m(s) = -s - 1. Let c(j) = 5*d(j) - 6*m(j). Let p(o) = -2*o + 1. Let u be p(2). Determine c(u).
13
Suppose f = -3*f + 12. Let l(x) be the first derivative of 3/2*x**2 + 4*x - 1/3*x**3 - 9. Calculate l(f).
4
Suppose 17 = -5*v + 7, -2*r - 4*v = 0. Let b(x) = r - 49*x + 2 + x**2 - 3 + 51*x. Determine b(-5).
18
Suppose 4*d = -l + 2*l - 13, 2*d = -l + 1. Suppose 2*o - 4*b - 4 = 0, 3*b = 2*b. Let q(a) = o*a**3 + 2 - 6*a**3 - 3*a**2 + 3*a**3. Give q(d).
-2
Let c(x) be the third derivative of x**6/120 + 2*x**5/15 + 7*x**4/24 - 7*x**3/6 - x**2. Suppose -5*w + 38 = -4*p, w + 16 = 5*p + 53. Calculate c(p).
-7
Let q = 103 - 99. Let w(h) = -2*h + 6. Determine w(q).
-2
Let n be (-9)/24 - (-75)/8. Let o(g) = 11*g**2 + 2 - n*g**2 - 2 - g - 2. Let s be 8/(-4) - 4/(-1). Calculate o(s).
4
Let k be 6 + (5 - -1)/(-3). Suppose 3*i = -4*w + 18, -4*w + 9*w - 5*i - 5 = 0. Let l be ((-3)/k)/(w/24). Let x(z) = 2*z + 7. Give x(l).
-5
Let l(b) = 8 + 2*b + 5*b**2 + 6 + 0*b - 11. What is l(-2)?
19
Let w(y) = -62*y - 1. Let s(p) = -61*p - 1. Let t(g) = -3*s(g) + 2*w(g). What is t(-1)?
-58
Let l(r) = -r**2 - r + 1. Suppose 2*h + 2*q = -56, 5*h + 113 = q + 3*q. Let t = h - -26. Let w be l(t). Let s(g) = 7*g**2 - 2*g - 1. Determine s(w).
8
Let w be 21/12 - (-3)/12. Let k(m) = -13*m - 15*m**2 + 5 + 5*m + m**3 + 10*m**w. Determine k(6).
-7
Let a = -17 + 17. Suppose a = 3*z + z. Let k(h) = z - 2*h**2 - 2*h**3 + 3 - 3 + 1. What is k(1)?
-3
Let n(b) = -b**3 + 12*b**2 + 2*b - 17. Let l = -6 - -18. Give n(l).
7
Let d(b) = b**3 - 8*b**2 - 7*b + 5. Suppose 21*x - 32*x + 99 = 0. Give d(x).
23
Let p(s) = -s**3 + 8*s**2 - 7*s + 5. Let l be (22/(-88))/(2/(-56)). What is p(l)?
5
Let p = 110 - 112. Let w(x) be the first derivative of 5*x**3/3 + 2*x**2 + 3*x + 1. Give w(p).
15
Let b(s) = 3 + 2*s**2 - 25*s + 12*s + s**3 + 11*s - 2. Give b(1).
2
Let a = -8 + 3. Let x(y) = -3*y**3 - 9*y**2 - 5*y - 2. Let t(s) = s**3 + s**2 - s + 1. Let f(j) = -2*t(j) - x(j). What is f(a)?
15
Let r(w) = 5*w - 3*w - 2 - 3*w. Suppose 2*z = -n + 2 + 6, -3*n - 16 = -4*z. Give r(z).
-6
Let f(r) = r**2 - 5*r - 6. Suppose 43 - 331 = -12*j. Suppose -3*w - 3 = -j. Determine f(w).
8
Let z = 6 + 0. Let l(s) = 2*s**3 - 4*s**2 - s - 8. Let a(c) = -c**3 - c**2 - 2*c. Let f(b) = a(b) + l(b). What is f(z)?
10
Let r(i) = i**2 + 9*i - 1. Let o be r(-8). Let v = 13 + o. Suppose m = 5*m - v. Let t(f) = 4*f**2 - 2*f + 1. Determine t(m).
3
Let s(a) = 6*a - 10 - a - 2*a - 2*a. Let l = -2075 - -2083. Determine s(l).
-2
Let k(c) = c**3 - c**2 - c - 1. Let a(y) = y - 15. Let o be a(16). Let m(s) = -4*s**3 + 2*s**2 + 2*s + 4. Let n(p) = o*m(p) + 3*k(p). Determine n(-2).
7
Let f(r) = r**2 - 6*r + 3. Let z be f(5). Let p be (6/(-4))/(z/4). Let o(q) = -q + 3 + 2 - p - 7. What is o(-5)?
0
Suppose -9*l - 17*l = 26. Let z(b) = -10*b - 2. Determine z(l).
8
Let d(s) = -s**2 + 18*s + 44. Let n be d(20). Let q(v) be the second derivative of -5/12*v**n + 0 + 7*v - 1/6*v**3 - 1/2*v**2. Give q(-1).
-5
Suppose -3*t - 154 = -5*d, -t - 118 = -4*d + 4*t. Let v = d - 35. Let a(r) = -r**2. What is a(v)?
-9
Let x(s) = 3*s + 15 - 4*s - 14 - s**2. Suppose -3*y = y + 2*p - 2, 0 = 3*y + 5*p + 16. Calculate x(y).
-11
Let k(u) = -2*u + 2. Let p = 47 + -45. Determine k(p).
-2
Suppose -3*r + 4*p - 32 = 0, -30*r - p - 37 = -27*r. Let u(k) = k + 5. Determine u(r).
-7
Let d = 5 + -2. Suppose 2 = -d*r + 8. Let p(b) = 2 - 2*b - 2*b + 1 - 4. Calculate p(r).
-9
Let u be -3*((-5)/(-3) - -1). Let j(f) = -32*f - 4. Let l(c) = -19*c - 2. Let t(r) = -3*j(r) + 5*l(r). What is t(u)?
-6
Suppose 4*i + 18 = 2*s, 12 = -i - 5*s + 4*s. Let z(g) = -g**3 - 5*g**2 + 10*g - 1. Give z(i).
27
Let p be -2*(-3 + 33/6). Suppose x - 1 = 5*q, -2*q + 0*x + 1 = x. Let h(y) = q*y**2 + 7 + y**2 + 3*y - 2. What is h(p)?
15
Let y(g) = 2*g**3 + 10*g**2 + 7. Let p be y(-5). Suppose 0 = 3*r - p + 16. Let v(u) be the first derivative of -u**2 - 2*u + 1. Calculate v(r).
4
Let p(s) = s + 4 + 6*s**2 + s - s - 6. Suppose 13 = 12*k + 37. Give p(k).
20
Suppose -b - 24 = -29. Suppose -4*k + 4*k = -b*k. Let u(o) = o - 6. Determine u(k).
-6
Let v(d) = -3*d**2 + 4*d - 2. Suppose -17 - 213 = -2*y. Suppose -4 = -117*k + y*k. What is v(k)?
-6
Let f(y) = -y**3 - y**2 - y + 1. Suppose -m = -2*o + 10, 0*m - 4*m + 26 = 3*o. Let n(z) = -5*z**3 - 2*z**2 - 4*z + 4. Let h(d) = o*f(d) - n(d). Calculate h(-2).
-2
Let l(z) = z**2 + 2*z + 1. Suppose -15 = -5*v + 4*v. Suppose 5*k + 0 + v = 0. Determine l(k).
4
Let c(h) be the first derivative of -7*h**2/2 - 5*h - 24. Give c(6).
-47
Let h(r) be the first derivative of -r**3/3 + 5*r**2/2 + 3*r - 1. Let x(p) = -p**2 - 10*p - 19. Let z be x(-6). Suppose -z*v - 18 = -33. Calculate h(v).
9
Let s(c) be the second derivative of -c**5/20 - 7*c**4/12 - 5*c**3/6 + 3*c**2/2 + c. Let z(a) = -3*a**2 - 43*a + 24. Let v be z(-15). Calculate s(v).
-3
Let m = -132 + 140. Let n(z) = -z**2 + 7*z + 4. Calculate n(m).
-4
Suppose -12*x = -3 - 33. Let o(u) = -4*u**x + u - 6 - 5*u**3 + 10*u**3 + 5*u**2 - 5*u. Suppose -3*f + 6*f + 3 = 4*v, 8 = -4*f + 4*v. What is o(f)?
14
Let f(p) = 205 - 3*p**2 + 197 + 196 - 600 + p**3 + 4*p. Calculate f(2).
2
Let w be (-3)/(-5) + 150/(-250). Let b(x) = x**3. Determine b(w).
0
Let d be -5 - 22/77*-7. Let t(q) = -4*q - 11. Give t(d).
1
Let y be (-55)/(-1 - -6) + 1*4. Let o(n) = n**2 + 6*n - 2. Determine o(y).
5
Let w(i) be the first derivative of -i**4/4 - 4*i**3/3 + 7*i**2/2 + 7*i + 448. Give w(-5).
-3
Let o(v) = -v. Let i be o(-10). Let s(k) = -1 + 5*k - 3*k - 3*k - i. Give s(-5).
-6
Let n be 0*4/(-20) - (12 - 5). Let r(u) = u**2 + 4*u - 2. Give r(n).
19
Let o(t) be the second derivative of t**4/12 - 8*t**3/3 + 37*t**2/2 - 730*t. Give o(13).
-2
Let l = -201 - -204. Let q(r) = r**2 + 2*r + 2. What is q(l)?
17
Let a(w) = 5*w**2 + w**3 - 9*w - 5*w + 6 + 16*w - 15*w. Give a(-7).
-1
Suppose 10 = -2*p + 5*q - q, 5*q = 20. Let s(m) = -2*m**3 + 3*m**p - 26 - 2*m + 3*m**2 + 27. Determine s(-3).
7
Suppose -6*o = -4*o - 14. Let b(c) = 0*c**2 - 3 - 6*c + 8*c**2 - o*c**2. Suppose -w + 2*w + 10 = 4*n, -4*w + 3*n + 12 = 0. Determine b(w).
-3
Let r(o) = -o**3 - 10*o**2 + o + 4. Suppose 18*h = 47 - 227. Determine r(h).
-6
Let s(x) = -39*x - 192. Let i(r) = -8*r - 39. Let k(h) = -24*i(h) + 5*s(h). Determine k(-7).
-3
Suppose 0 = -11*h - 961 + 323. Let u = -56 - h. Let i(p) = 2*p**3 + 2. Give i(u).
18
Let n(p) = 20*p**3 + 7*p**2 + 4*p - 26. Let k(l) = 7*l**3 + 3*l**2 + l - 9. Let f(q) = 17*k(q) - 6*n(q). What is f(8)?
11
Suppose m = 7*m - 12. Suppose -m*s = 5*v + 42, -1 = v + 2*s + 1. Let w(r) = r**2 + 11*r + 12. Calculate w(v).
2
Let i(x) be the third derivative of x**4/24 - 2*x**3/3 - 3*x**2. Suppose 117 = 30*z - 63. Give i(z).
2
Let k = 4 - 2. Suppose -p + k = -2. Suppose -8*d = -4*d - p. Let x(m) = -5*m. Give x(d).
-5
Let q(z) = -4*z**2 - 7*z**3 + 6*z**3 - 1 + 6*z**2. Let p be q(-1). Suppose p*l - 14 = -2. Let i(x) = x**3 - 7*x**2 + 2*x + 5. Determine i(l).
-19
Suppose 31 = 5*u - 3*y - 18, -55 = -5*u + 5*y. Let l(j) = -1 - u*j**2 - 5*j**2 - 2*j**2 + 2. Let t(b) = b**3 - 4*b**2 - 4*b - 4. Let p be t(5). Calculate l(p).
-14
Let f(w) = w**3 - w**2 - w. Let n(x) = -3*x**3 + 13*x**2 - 10*x + 5. Let u(z) = 2*f(z) + n(z). What is u(10)?
-15
Let r(g) = g**3 + 8*g**2 - 8*g + 4. Suppose 6*v + 2*b = 7*v + 13, -3*v + 3*b = 33. Calculate r(v).
-5
Let q(d) = 2*d**2 + 8*d - 20. Let x(o) = o**2 + 3*o - 7. Let r(t) = 2*t**2 - 4*t + 2. Let b be r(3). Let n(h) = b*x(h) - 3*q(h). Give n(3).
22
Let w(f) = f**3 - 8*f**2 + 2*f - 1. Suppose 4 + 1 = -y. Let t(h) = 2*h**3 - 16*h**2 + 5*h - 3. Let v(b) = y*w(b) + 2*t(b). Give v(8).
-1
Suppose -s - 13 + 13 = 0. Suppose 11*a + 45 + 10 = s. Let y(o) = -2*o. Calculate y(a).
10
Let k be (-1 + 3)/(-1*1). Let a(t) = -2*t**3 + 25*t**2 - 33*t**2 - 3*t + 6*t**2 - 3. Give a(k).
11
Suppose 152 + 30 = 2*y. Let t = y + -94. 